{"id":5142,"date":"2026-02-12T10:49:14","date_gmt":"2026-02-12T09:49:14","guid":{"rendered":"https:\/\/amis-parc-foret-orient.fr\/?page_id=5142"},"modified":"2026-03-03T14:54:15","modified_gmt":"2026-03-03T13:54:15","slug":"notre-journal-lescarboucle","status":"publish","type":"page","link":"https:\/\/amis-parc-foret-orient.fr\/index.php\/publication\/notre-journal-lescarboucle\/","title":{"rendered":"Notre journal, l&rsquo;Escarboucle"},"content":{"rendered":"\t\t<div data-elementor-type=\"wp-page\" data-elementor-id=\"5142\" class=\"elementor elementor-5142\" data-elementor-settings=\"{&quot;ha_cmc_init_switcher&quot;:&quot;no&quot;}\">\n\t\t\t\t<div class=\"elementor-element elementor-element-a0f451a e-flex e-con-boxed e-con e-parent\" data-id=\"a0f451a\" data-element_type=\"container\" data-e-type=\"container\" data-settings=\"{&quot;_ha_eqh_enable&quot;:false}\">\n\t\t\t\t\t<div class=\"e-con-inner\">\n\t\t\t\t<div class=\"elementor-element elementor-element-6c82892 elementor-widget elementor-widget-text-editor\" data-id=\"6c82892\" data-element_type=\"widget\" data-e-type=\"widget\" data-widget_type=\"text-editor.default\">\n\t\t\t\t\t\t\t\t\t<p><strong>L\u2019Escarboucle<\/strong>, le bulletin d\u2019information de l\u2019association, est publi\u00e9 tous les trimestres (en mars, juin septembre et d\u00e9cembre). Il est \u00e9dit\u00e9 depuis l\u2019\u00e9t\u00e9 1989.<br \/>Il traite de sujets vari\u00e9s : actualit\u00e9s du Parc, environnement, patrimoine, portraits d\u2019artistes, vie de l\u2019association\u2026<br \/>Il est un lien avec les adh\u00e9rents, les habitants, les collectivit\u00e9s territoriales, les \u00e9tablissements scolaires et universitaires, et les autres Parcs.<\/p>\t\t\t\t\t\t\t\t<\/div>\n\t\t\t\t\t<\/div>\n\t\t\t\t<\/div>\n\t\t<div class=\"elementor-element elementor-element-92a1511 e-flex e-con-boxed e-con e-parent\" data-id=\"92a1511\" data-element_type=\"container\" data-e-type=\"container\" data-settings=\"{&quot;background_background&quot;:&quot;classic&quot;,&quot;_ha_eqh_enable&quot;:false}\">\n\t\t\t\t\t<div class=\"e-con-inner\">\n\t\t\t\t<div class=\"elementor-element elementor-element-84be70a elementor-grid-eael-col-1 elementor-widget__width-initial elementor-grid-tablet-eael-col-2 elementor-grid-mobile-eael-col-1 elementor-widget elementor-widget-eael-post-grid\" data-id=\"84be70a\" data-element_type=\"widget\" data-e-type=\"widget\" data-settings=\"{&quot;eael_post_grid_columns&quot;:&quot;eael-col-1&quot;,&quot;eael_post_grid_columns_tablet&quot;:&quot;eael-col-2&quot;,&quot;eael_post_grid_columns_mobile&quot;:&quot;eael-col-1&quot;}\" data-widget_type=\"eael-post-grid.default\">\n\t\t\t\t\t<div id=\"eael-post-grid-84be70a\" class=\"eael-post-grid-container\">\n            <div class=\"eael-post-grid eael-post-appender eael-post-appender-84be70a eael-post-grid-style-default\" data-layout-mode=\"grid\"><article class=\"eael-grid-post eael-post-grid-column eael-pg-post-5173 category-escarboucles tags-top\" data-id=\"5173\">\n        <div class=\"eael-grid-post-holder\">\n            <div class=\"eael-grid-post-holder-inner\"><div class=\"eael-entry-media\"><div class=\"eael-entry-overlay fade-in\"><i class=\"fas fa-link\" aria-hidden=\"true\"><\/i><a href=\"https:\/\/amis-parc-foret-orient.fr\/index.php\/2026\/03\/02\/escarboucle-n139\/\"><\/a><\/div><div class=\"eael-entry-thumbnail eael-image-ratio\">\n                <img fetchpriority=\"high\" decoding=\"async\" width=\"1241\" height=\"1754\" src=\"https:\/\/amis-parc-foret-orient.fr\/wp-content\/uploads\/2026\/03\/Escarboucle-n\u00b0139-hiver-2025-2026-compresse.jpg\" class=\"attachment-full size-full wp-image-5279\" alt=\"\" srcset=\"https:\/\/amis-parc-foret-orient.fr\/wp-content\/uploads\/2026\/03\/Escarboucle-n\u00b0139-hiver-2025-2026-compresse.jpg 1241w, https:\/\/amis-parc-foret-orient.fr\/wp-content\/uploads\/2026\/03\/Escarboucle-n\u00b0139-hiver-2025-2026-compresse-212x300.jpg 212w, https:\/\/amis-parc-foret-orient.fr\/wp-content\/uploads\/2026\/03\/Escarboucle-n\u00b0139-hiver-2025-2026-compresse-725x1024.jpg 725w, https:\/\/amis-parc-foret-orient.fr\/wp-content\/uploads\/2026\/03\/Escarboucle-n\u00b0139-hiver-2025-2026-compresse-768x1085.jpg 768w, https:\/\/amis-parc-foret-orient.fr\/wp-content\/uploads\/2026\/03\/Escarboucle-n\u00b0139-hiver-2025-2026-compresse-1087x1536.jpg 1087w\" sizes=\"(max-width: 1241px) 100vw, 1241px\" \/>\n            <\/div>\n        <\/div><\/div>\n        <\/div>\n    <\/article><\/div>\n            <div class=\"clearfix\"><\/div>\n        <\/div>\t\t\t\t<\/div>\n\t\t\t\t<div class=\"elementor-element elementor-element-b976963 elementor-widget elementor-widget-heading\" data-id=\"b976963\" data-element_type=\"widget\" data-e-type=\"widget\" data-widget_type=\"heading.default\">\n\t\t\t\t\t<h2 class=\"elementor-heading-title elementor-size-default\"><a href=\"https:\/\/amis-parc-foret-orient.fr\/wp-content\/uploads\/2026\/03\/Escarboucle-n\u00b0139-hiver-2025-2026-compresse.pdf\">Escarboucle N\u00b0139 Hiver 2025\/2026<\/a><\/h2>\t\t\t\t<\/div>\n\t\t\t\t<div class=\"elementor-element elementor-element-65c1567 elementor-widget elementor-widget-text-editor\" data-id=\"65c1567\" data-element_type=\"widget\" data-e-type=\"widget\" data-widget_type=\"text-editor.default\">\n\t\t\t\t\t\t\t\t\t<p style=\"text-align: center;\">BULLETIN TRIMESTRIEL D\u2019INFORMATION<br \/>HIVER 2025\/2026 &#8211; num\u00e9ro 138<\/p><p style=\"text-align: center;\">LES AMIS DU PARC NATUREL R\u00c9GIONAL DE LA FOR\u00caT D\u2019ORIENT<\/p><ul><li>ESCARBOUCLE pierre pr\u00e9cieuse et figure h\u00e9raldique ornant le bouclier \u00e0 8 rais des Chevaliers du Temple<\/li><li>UN VILLAGE, UN PERSONNAGE G\u00e9raudot et Jean-Jacques Cl\u00e9ment Mullet par Gilles Deborde<\/li><li>ENVIRONNEMENT Les esp\u00e8ces envahissantes : de quoi parle-t-on? par H\u00e9l\u00e8ne Groffier<\/li><li>PATRIMOINE De l&rsquo;abbaye de Fontenay \u00e0 Semur-en-Auxois par G\u00e9rard Schild<\/li><li>SAVEZ-VOUS QUE ? La statuaire de Vendeuvre : un paradis retrouv\u00e9 par Alain Chenet<\/li><li>PROCHAINES ANIMATIONS<\/li><\/ul>\t\t\t\t\t\t\t\t<\/div>\n\t\t\t\t<div class=\"elementor-element elementor-element-8fc35de elementor-align-center elementor-widget elementor-widget-button\" data-id=\"8fc35de\" data-element_type=\"widget\" data-e-type=\"widget\" data-widget_type=\"button.default\">\n\t\t\t\t\t\t\t\t\t\t<a class=\"elementor-button elementor-button-link elementor-size-sm\" href=\"https:\/\/amis-parc-foret-orient.fr\/wp-content\/uploads\/2026\/03\/Escarboucle-n\u00b0139-hiver-2025-2026-compresse.pdf\">\n\t\t\t\t\t\t<span class=\"elementor-button-content-wrapper\">\n\t\t\t\t\t\t\t\t\t<span class=\"elementor-button-text\">T\u00e9l\u00e9charger L'Escarboucle n\u00b0139 - hiver 2025\/2026<\/span>\n\t\t\t\t\t<\/span>\n\t\t\t\t\t<\/a>\n\t\t\t\t\t\t\t\t<\/div>\n\t\t\t\t\t<\/div>\n\t\t\t\t<\/div>\n\t\t<div class=\"elementor-element elementor-element-d4d5bcd e-con-full e-flex e-con e-parent\" data-id=\"d4d5bcd\" data-element_type=\"container\" data-e-type=\"container\" data-settings=\"{&quot;background_background&quot;:&quot;classic&quot;,&quot;_ha_eqh_enable&quot;:false}\">\n\t\t\t\t<div class=\"elementor-element elementor-element-d38d6a0 elementor-widget elementor-widget-spacer\" data-id=\"d38d6a0\" data-element_type=\"widget\" data-e-type=\"widget\" data-widget_type=\"spacer.default\">\n\t\t\t\t\t\t\t<div class=\"elementor-spacer\">\n\t\t\t<div class=\"elementor-spacer-inner\"><\/div>\n\t\t<\/div>\n\t\t\t\t\t\t<\/div>\n\t\t\t\t<div class=\"elementor-element elementor-element-c9c33ae elementor-widget elementor-widget-text-editor\" data-id=\"c9c33ae\" data-element_type=\"widget\" data-e-type=\"widget\" data-widget_type=\"text-editor.default\">\n\t\t\t\t\t\t\t\t\t<p style=\"text-align: center;\">D\u00e9couvrez ci-dessous les publications archiv\u00e9es&#8230;<\/p>\t\t\t\t\t\t\t\t<\/div>\n\t\t\t\t<div class=\"elementor-element elementor-element-86a37ab elementor-grid-eael-col-6 elementor-widget__width-inherit elementor-grid-tablet-eael-col-2 elementor-grid-mobile-eael-col-1 elementor-widget elementor-widget-eael-post-grid\" data-id=\"86a37ab\" data-element_type=\"widget\" data-e-type=\"widget\" data-settings=\"{&quot;eael_post_grid_columns&quot;:&quot;eael-col-6&quot;,&quot;eael_post_grid_columns_tablet&quot;:&quot;eael-col-2&quot;,&quot;eael_post_grid_columns_mobile&quot;:&quot;eael-col-1&quot;}\" data-widget_type=\"eael-post-grid.default\">\n\t\t\t\t\t<div id=\"eael-post-grid-86a37ab\" class=\"eael-post-grid-container\">\n            <div class=\"eael-post-grid eael-post-appender eael-post-appender-86a37ab eael-post-grid-style-default\" data-layout-mode=\"grid\"><article class=\"eael-grid-post eael-post-grid-column eael-pg-post-5148 category-escarboucles tags-en-ligne\" data-id=\"5148\">\n        <div class=\"eael-grid-post-holder\">\n            <div class=\"eael-grid-post-holder-inner\"><div class=\"eael-entry-wrapper\"><header class=\"eael-entry-header\"><h2 class=\"eael-entry-title\"><a\n                        class=\"eael-grid-post-link\"\n                        href=\"https:\/\/amis-parc-foret-orient.fr\/index.php\/2026\/02\/04\/escarboucle-n138\/\"\n                        title=\"Escarboucle N\u00b0138\">Escarboucle N\u00b0138<\/a><\/h2><\/header><\/div><div class=\"eael-entry-media\"><div class=\"eael-entry-overlay fade-in\"><i class=\"fas fa-link\" aria-hidden=\"true\"><\/i><a href=\"https:\/\/amis-parc-foret-orient.fr\/index.php\/2026\/02\/04\/escarboucle-n138\/\"target=\"_blank\"><\/a><\/div><div class=\"eael-entry-thumbnail eael-image-ratio\">\n                <img decoding=\"async\" width=\"300\" height=\"424\" src=\"https:\/\/amis-parc-foret-orient.fr\/wp-content\/uploads\/2026\/02\/Escarboucle-n\u00b0138-Automne-2025.jpg\" class=\"attachment-full size-full wp-image-5143\" alt=\"Escarboucle N\u00b0138 Automne 2025\" srcset=\"https:\/\/amis-parc-foret-orient.fr\/wp-content\/uploads\/2026\/02\/Escarboucle-n\u00b0138-Automne-2025.jpg 300w, https:\/\/amis-parc-foret-orient.fr\/wp-content\/uploads\/2026\/02\/Escarboucle-n\u00b0138-Automne-2025-212x300.jpg 212w\" sizes=\"(max-width: 300px) 100vw, 300px\" \/>\n            <\/div>\n        <\/div><\/div>\n        <\/div>\n    <\/article><article class=\"eael-grid-post eael-post-grid-column eael-pg-post-5149 category-escarboucles tags-en-ligne\" data-id=\"5149\">\n        <div class=\"eael-grid-post-holder\">\n            <div class=\"eael-grid-post-holder-inner\"><div class=\"eael-entry-wrapper\"><header class=\"eael-entry-header\"><h2 class=\"eael-entry-title\"><a\n                        class=\"eael-grid-post-link\"\n                        href=\"https:\/\/amis-parc-foret-orient.fr\/index.php\/2026\/02\/04\/escarboucle-n137\/\"\n                        title=\"Escarboucle N\u00b0137\">Escarboucle N\u00b0137<\/a><\/h2><\/header><\/div><div class=\"eael-entry-media\"><div class=\"eael-entry-overlay fade-in\"><i class=\"fas fa-link\" aria-hidden=\"true\"><\/i><a href=\"https:\/\/amis-parc-foret-orient.fr\/index.php\/2026\/02\/04\/escarboucle-n137\/\"target=\"_blank\"><\/a><\/div><div class=\"eael-entry-thumbnail eael-image-ratio\">\n                <img decoding=\"async\" width=\"300\" height=\"424\" src=\"https:\/\/amis-parc-foret-orient.fr\/wp-content\/uploads\/2026\/02\/Escarboucle-n\u00b0137-Ete-2025.jpg\" class=\"attachment-full size-full wp-image-5147\" alt=\"\" srcset=\"https:\/\/amis-parc-foret-orient.fr\/wp-content\/uploads\/2026\/02\/Escarboucle-n\u00b0137-Ete-2025.jpg 300w, https:\/\/amis-parc-foret-orient.fr\/wp-content\/uploads\/2026\/02\/Escarboucle-n\u00b0137-Ete-2025-212x300.jpg 212w\" sizes=\"(max-width: 300px) 100vw, 300px\" \/>\n            <\/div>\n        <\/div><\/div>\n        <\/div>\n    <\/article><article class=\"eael-grid-post eael-post-grid-column eael-pg-post-5150 category-escarboucles tags-en-ligne\" data-id=\"5150\">\n        <div class=\"eael-grid-post-holder\">\n            <div class=\"eael-grid-post-holder-inner\"><div class=\"eael-entry-wrapper\"><header class=\"eael-entry-header\"><h2 class=\"eael-entry-title\"><a\n                        class=\"eael-grid-post-link\"\n                        href=\"https:\/\/amis-parc-foret-orient.fr\/index.php\/2026\/02\/04\/escarboucle-n136\/\"\n                        title=\"Escarboucle N\u00b0136\">Escarboucle N\u00b0136<\/a><\/h2><\/header><\/div><div class=\"eael-entry-media\"><div class=\"eael-entry-overlay fade-in\"><i class=\"fas fa-link\" aria-hidden=\"true\"><\/i><a href=\"https:\/\/amis-parc-foret-orient.fr\/index.php\/2026\/02\/04\/escarboucle-n136\/\"target=\"_blank\"><\/a><\/div><div class=\"eael-entry-thumbnail eael-image-ratio\">\n                <img loading=\"lazy\" decoding=\"async\" width=\"300\" height=\"424\" src=\"https:\/\/amis-parc-foret-orient.fr\/wp-content\/uploads\/2026\/02\/Escarboucle-n\u00b0136-Printemps-2025.jpg\" class=\"attachment-full size-full wp-image-5146\" alt=\"\" srcset=\"https:\/\/amis-parc-foret-orient.fr\/wp-content\/uploads\/2026\/02\/Escarboucle-n\u00b0136-Printemps-2025.jpg 300w, https:\/\/amis-parc-foret-orient.fr\/wp-content\/uploads\/2026\/02\/Escarboucle-n\u00b0136-Printemps-2025-212x300.jpg 212w\" sizes=\"(max-width: 300px) 100vw, 300px\" \/>\n            <\/div>\n        <\/div><\/div>\n        <\/div>\n    <\/article><article class=\"eael-grid-post eael-post-grid-column eael-pg-post-5209 category-escarboucles tags-en-ligne\" data-id=\"5209\">\n        <div class=\"eael-grid-post-holder\">\n            <div class=\"eael-grid-post-holder-inner\"><div class=\"eael-entry-wrapper\"><header class=\"eael-entry-header\"><h2 class=\"eael-entry-title\"><a\n                        class=\"eael-grid-post-link\"\n                        href=\"https:\/\/amis-parc-foret-orient.fr\/index.php\/2026\/02\/28\/escarboucle-n137b\/\"\n                        title=\"Escarboucle N\u00b0135\">Escarboucle N\u00b0135<\/a><\/h2><\/header><\/div><div class=\"eael-entry-media\"><div class=\"eael-entry-overlay fade-in\"><i class=\"fas fa-link\" aria-hidden=\"true\"><\/i><a href=\"https:\/\/amis-parc-foret-orient.fr\/index.php\/2026\/02\/28\/escarboucle-n137b\/\"target=\"_blank\"><\/a><\/div><div class=\"eael-entry-thumbnail eael-image-ratio\">\n                <img loading=\"lazy\" decoding=\"async\" width=\"300\" height=\"424\" src=\"https:\/\/amis-parc-foret-orient.fr\/wp-content\/uploads\/2026\/02\/Escarboucle-n\u00b0135-hiver-2024-2025.jpg\" class=\"attachment-full size-full wp-image-5215\" alt=\"\" srcset=\"https:\/\/amis-parc-foret-orient.fr\/wp-content\/uploads\/2026\/02\/Escarboucle-n\u00b0135-hiver-2024-2025.jpg 300w, https:\/\/amis-parc-foret-orient.fr\/wp-content\/uploads\/2026\/02\/Escarboucle-n\u00b0135-hiver-2024-2025-212x300.jpg 212w\" sizes=\"(max-width: 300px) 100vw, 300px\" \/>\n            <\/div>\n        <\/div><\/div>\n        <\/div>\n    <\/article><\/div>\n            <div class=\"clearfix\"><\/div>\n        <\/div>\t\t\t\t<\/div>\n\t\t\t\t<\/div>\n\t\t<div class=\"elementor-element elementor-element-b1d572c e-flex e-con-boxed e-con e-parent\" data-id=\"b1d572c\" data-element_type=\"container\" data-e-type=\"container\" data-settings=\"{&quot;_ha_eqh_enable&quot;:false}\">\n\t\t\t\t\t<div class=\"e-con-inner\">\n\t\t\t\t\t<\/div>\n\t\t\t\t<\/div>\n\t\t\t\t<\/div>\n\t\t","protected":false},"excerpt":{"rendered":"<p>L\u2019Escarboucle, le bulletin d\u2019information de l\u2019association, est publi\u00e9 tous les trimestres (en mars, juin septembre et d\u00e9cembre). Il est \u00e9dit\u00e9 depuis l\u2019\u00e9t\u00e9 1989.Il traite de sujets vari\u00e9s : actualit\u00e9s du Parc, environnement, patrimoine, portraits d\u2019artistes, vie de l\u2019association\u2026Il est un lien avec les adh\u00e9rents, les habitants, les collectivit\u00e9s territoriales, les \u00e9tablissements scolaires et universitaires, et [&hellip;]<\/p>\n","protected":false},"author":1,"featured_media":0,"parent":619,"menu_order":0,"comment_status":"closed","ping_status":"closed","template":"","meta":{"footnotes":"","_wp_rev_ctl_limit":""},"class_list":["post-5142","page","type-page","status-publish","hentry"],"yoast_head":"<!-- This site is optimized with the Yoast SEO plugin v27.6 - https:\/\/yoast.com\/product\/yoast-seo-wordpress\/ -->\n<title>Notre journal, l&#039;Escarboucle - Les Amis du Parc de la For\u00eat d&#039;Orient<\/title>\n<meta name=\"robots\" content=\"index, follow, max-snippet:-1, max-image-preview:large, max-video-preview:-1\" \/>\n<link rel=\"canonical\" href=\"https:\/\/amis-parc-foret-orient.fr\/index.php\/publication\/notre-journal-lescarboucle\/\" \/>\n<meta property=\"og:locale\" content=\"fr_FR\" \/>\n<meta property=\"og:type\" content=\"article\" \/>\n<meta property=\"og:title\" content=\"Notre journal, l&#039;Escarboucle - Les Amis du Parc de la For\u00eat d&#039;Orient\" \/>\n<meta property=\"og:description\" content=\"L\u2019Escarboucle, le bulletin d\u2019information de l\u2019association, est publi\u00e9 tous les trimestres (en mars, juin septembre et d\u00e9cembre). Il est \u00e9dit\u00e9 depuis l\u2019\u00e9t\u00e9 1989.Il traite de sujets vari\u00e9s : actualit\u00e9s du Parc, environnement, patrimoine, portraits d\u2019artistes, vie de l\u2019association\u2026Il est un lien avec les adh\u00e9rents, les habitants, les collectivit\u00e9s territoriales, les \u00e9tablissements scolaires et universitaires, et [&hellip;]\" \/>\n<meta property=\"og:url\" content=\"https:\/\/amis-parc-foret-orient.fr\/index.php\/publication\/notre-journal-lescarboucle\/\" \/>\n<meta property=\"og:site_name\" content=\"Les Amis du Parc de la For\u00eat d&#039;Orient\" \/>\n<meta property=\"article:publisher\" content=\"https:\/\/www.facebook.com\/Amis.du.Parc\/\" \/>\n<meta property=\"article:modified_time\" content=\"2026-03-03T13:54:15+00:00\" \/>\n<meta name=\"twitter:card\" content=\"summary_large_image\" \/>\n<meta name=\"twitter:label1\" content=\"Dur\u00e9e de lecture estim\u00e9e\" \/>\n\t<meta name=\"twitter:data1\" content=\"3 minutes\" \/>\n<script type=\"application\/ld+json\" class=\"yoast-schema-graph\">{\"@context\":\"https:\\\/\\\/schema.org\",\"@graph\":[{\"@type\":\"WebPage\",\"@id\":\"https:\\\/\\\/amis-parc-foret-orient.fr\\\/index.php\\\/publication\\\/notre-journal-lescarboucle\\\/\",\"url\":\"https:\\\/\\\/amis-parc-foret-orient.fr\\\/index.php\\\/publication\\\/notre-journal-lescarboucle\\\/\",\"name\":\"Notre journal, l'Escarboucle - Les Amis du Parc de la For\u00eat d&#039;Orient\",\"isPartOf\":{\"@id\":\"https:\\\/\\\/amis-parc-foret-orient.fr\\\/#website\"},\"datePublished\":\"2026-02-12T09:49:14+00:00\",\"dateModified\":\"2026-03-03T13:54:15+00:00\",\"breadcrumb\":{\"@id\":\"https:\\\/\\\/amis-parc-foret-orient.fr\\\/index.php\\\/publication\\\/notre-journal-lescarboucle\\\/#breadcrumb\"},\"inLanguage\":\"fr-FR\",\"potentialAction\":[{\"@type\":\"ReadAction\",\"target\":[\"https:\\\/\\\/amis-parc-foret-orient.fr\\\/index.php\\\/publication\\\/notre-journal-lescarboucle\\\/\"]}]},{\"@type\":\"BreadcrumbList\",\"@id\":\"https:\\\/\\\/amis-parc-foret-orient.fr\\\/index.php\\\/publication\\\/notre-journal-lescarboucle\\\/#breadcrumb\",\"itemListElement\":[{\"@type\":\"ListItem\",\"position\":1,\"name\":\"Home\",\"item\":\"https:\\\/\\\/amis-parc-foret-orient.fr\\\/\"},{\"@type\":\"ListItem\",\"position\":2,\"name\":\"Publications\",\"item\":\"https:\\\/\\\/amis-parc-foret-orient.fr\\\/index.php\\\/publication\\\/\"},{\"@type\":\"ListItem\",\"position\":3,\"name\":\"Notre journal, l&rsquo;Escarboucle\"}]},{\"@type\":\"WebSite\",\"@id\":\"https:\\\/\\\/amis-parc-foret-orient.fr\\\/#website\",\"url\":\"https:\\\/\\\/amis-parc-foret-orient.fr\\\/\",\"name\":\"Les Amis du Parc de la For\u00eat d'Orient\",\"description\":\"\",\"publisher\":{\"@id\":\"https:\\\/\\\/amis-parc-foret-orient.fr\\\/#organization\"},\"potentialAction\":[{\"@type\":\"SearchAction\",\"target\":{\"@type\":\"EntryPoint\",\"urlTemplate\":\"https:\\\/\\\/amis-parc-foret-orient.fr\\\/?s={search_term_string}\"},\"query-input\":{\"@type\":\"PropertyValueSpecification\",\"valueRequired\":true,\"valueName\":\"search_term_string\"}}],\"inLanguage\":\"fr-FR\"},{\"@type\":\"Organization\",\"@id\":\"https:\\\/\\\/amis-parc-foret-orient.fr\\\/#organization\",\"name\":\"Les Amis du Parc de la For\u00eat d'Orient\",\"url\":\"https:\\\/\\\/amis-parc-foret-orient.fr\\\/\",\"logo\":{\"@type\":\"ImageObject\",\"inLanguage\":\"fr-FR\",\"@id\":\"https:\\\/\\\/amis-parc-foret-orient.fr\\\/#\\\/schema\\\/logo\\\/image\\\/\",\"url\":\"https:\\\/\\\/amis-parc-foret-orient.fr\\\/wp-content\\\/uploads\\\/2025\\\/08\\\/cropped-logo_amis_parc_2025_150-1-1.png\",\"contentUrl\":\"https:\\\/\\\/amis-parc-foret-orient.fr\\\/wp-content\\\/uploads\\\/2025\\\/08\\\/cropped-logo_amis_parc_2025_150-1-1.png\",\"width\":400,\"height\":175,\"caption\":\"Les Amis du Parc de la For\u00eat d'Orient\"},\"image\":{\"@id\":\"https:\\\/\\\/amis-parc-foret-orient.fr\\\/#\\\/schema\\\/logo\\\/image\\\/\"},\"sameAs\":[\"https:\\\/\\\/www.facebook.com\\\/Amis.du.Parc\\\/\"]}]}<\/script>\n<!-- \/ Yoast SEO plugin. -->","yoast_head_json":{"title":"Notre journal, l'Escarboucle - Les Amis du Parc de la For\u00eat d&#039;Orient","robots":{"index":"index","follow":"follow","max-snippet":"max-snippet:-1","max-image-preview":"max-image-preview:large","max-video-preview":"max-video-preview:-1"},"canonical":"https:\/\/amis-parc-foret-orient.fr\/index.php\/publication\/notre-journal-lescarboucle\/","og_locale":"fr_FR","og_type":"article","og_title":"Notre journal, l'Escarboucle - Les Amis du Parc de la For\u00eat d&#039;Orient","og_description":"L\u2019Escarboucle, le bulletin d\u2019information de l\u2019association, est publi\u00e9 tous les trimestres (en mars, juin septembre et d\u00e9cembre). Il est \u00e9dit\u00e9 depuis l\u2019\u00e9t\u00e9 1989.Il traite de sujets vari\u00e9s : actualit\u00e9s du Parc, environnement, patrimoine, portraits d\u2019artistes, vie de l\u2019association\u2026Il est un lien avec les adh\u00e9rents, les habitants, les collectivit\u00e9s territoriales, les \u00e9tablissements scolaires et universitaires, et [&hellip;]","og_url":"https:\/\/amis-parc-foret-orient.fr\/index.php\/publication\/notre-journal-lescarboucle\/","og_site_name":"Les Amis du Parc de la For\u00eat d&#039;Orient","article_publisher":"https:\/\/www.facebook.com\/Amis.du.Parc\/","article_modified_time":"2026-03-03T13:54:15+00:00","twitter_card":"summary_large_image","twitter_misc":{"Dur\u00e9e de lecture estim\u00e9e":"3 minutes"},"schema":{"@context":"https:\/\/schema.org","@graph":[{"@type":"WebPage","@id":"https:\/\/amis-parc-foret-orient.fr\/index.php\/publication\/notre-journal-lescarboucle\/","url":"https:\/\/amis-parc-foret-orient.fr\/index.php\/publication\/notre-journal-lescarboucle\/","name":"Notre journal, l'Escarboucle - Les Amis du Parc de la For\u00eat d&#039;Orient","isPartOf":{"@id":"https:\/\/amis-parc-foret-orient.fr\/#website"},"datePublished":"2026-02-12T09:49:14+00:00","dateModified":"2026-03-03T13:54:15+00:00","breadcrumb":{"@id":"https:\/\/amis-parc-foret-orient.fr\/index.php\/publication\/notre-journal-lescarboucle\/#breadcrumb"},"inLanguage":"fr-FR","potentialAction":[{"@type":"ReadAction","target":["https:\/\/amis-parc-foret-orient.fr\/index.php\/publication\/notre-journal-lescarboucle\/"]}]},{"@type":"BreadcrumbList","@id":"https:\/\/amis-parc-foret-orient.fr\/index.php\/publication\/notre-journal-lescarboucle\/#breadcrumb","itemListElement":[{"@type":"ListItem","position":1,"name":"Home","item":"https:\/\/amis-parc-foret-orient.fr\/"},{"@type":"ListItem","position":2,"name":"Publications","item":"https:\/\/amis-parc-foret-orient.fr\/index.php\/publication\/"},{"@type":"ListItem","position":3,"name":"Notre journal, l&rsquo;Escarboucle"}]},{"@type":"WebSite","@id":"https:\/\/amis-parc-foret-orient.fr\/#website","url":"https:\/\/amis-parc-foret-orient.fr\/","name":"Les Amis du Parc de la For\u00eat d'Orient","description":"","publisher":{"@id":"https:\/\/amis-parc-foret-orient.fr\/#organization"},"potentialAction":[{"@type":"SearchAction","target":{"@type":"EntryPoint","urlTemplate":"https:\/\/amis-parc-foret-orient.fr\/?s={search_term_string}"},"query-input":{"@type":"PropertyValueSpecification","valueRequired":true,"valueName":"search_term_string"}}],"inLanguage":"fr-FR"},{"@type":"Organization","@id":"https:\/\/amis-parc-foret-orient.fr\/#organization","name":"Les Amis du Parc de la For\u00eat d'Orient","url":"https:\/\/amis-parc-foret-orient.fr\/","logo":{"@type":"ImageObject","inLanguage":"fr-FR","@id":"https:\/\/amis-parc-foret-orient.fr\/#\/schema\/logo\/image\/","url":"https:\/\/amis-parc-foret-orient.fr\/wp-content\/uploads\/2025\/08\/cropped-logo_amis_parc_2025_150-1-1.png","contentUrl":"https:\/\/amis-parc-foret-orient.fr\/wp-content\/uploads\/2025\/08\/cropped-logo_amis_parc_2025_150-1-1.png","width":400,"height":175,"caption":"Les Amis du Parc de la For\u00eat d'Orient"},"image":{"@id":"https:\/\/amis-parc-foret-orient.fr\/#\/schema\/logo\/image\/"},"sameAs":["https:\/\/www.facebook.com\/Amis.du.Parc\/"]}]}},"blog_post_layout_featured_media_urls":{"thumbnail":"","full":""},"categories_names":null,"comments_number":"0","wpmagazine_modules_lite_featured_media_urls":{"thumbnail":"","cvmm-medium":"","cvmm-medium-plus":"","cvmm-portrait":"","cvmm-medium-square":"","cvmm-large":"","cvmm-small":"","full":""},"_links":{"self":[{"href":"https:\/\/amis-parc-foret-orient.fr\/index.php\/wp-json\/wp\/v2\/pages\/5142","targetHints":{"allow":["GET"]}}],"collection":[{"href":"https:\/\/amis-parc-foret-orient.fr\/index.php\/wp-json\/wp\/v2\/pages"}],"about":[{"href":"https:\/\/amis-parc-foret-orient.fr\/index.php\/wp-json\/wp\/v2\/types\/page"}],"author":[{"embeddable":true,"href":"https:\/\/amis-parc-foret-orient.fr\/index.php\/wp-json\/wp\/v2\/users\/1"}],"replies":[{"embeddable":true,"href":"https:\/\/amis-parc-foret-orient.fr\/index.php\/wp-json\/wp\/v2\/comments?post=5142"}],"version-history":[{"count":0,"href":"https:\/\/amis-parc-foret-orient.fr\/index.php\/wp-json\/wp\/v2\/pages\/5142\/revisions"}],"up":[{"embeddable":true,"href":"https:\/\/amis-parc-foret-orient.fr\/index.php\/wp-json\/wp\/v2\/pages\/619"}],"wp:attachment":[{"href":"https:\/\/amis-parc-foret-orient.fr\/index.php\/wp-json\/wp\/v2\/media?parent=5142"}],"curies":[{"name":"wp","href":"https:\/\/api.w.org\/{rel}","templated":true}]}}