{"id":32,"date":"2018-08-09T09:00:44","date_gmt":"2018-08-09T08:00:44","guid":{"rendered":"http:\/\/195.83.128.55\/~mmi16c14\/stage_court\/wordpress\/?page_id=32"},"modified":"2025-11-18T17:35:45","modified_gmt":"2025-11-18T16:35:45","slug":"notre-journal","status":"publish","type":"page","link":"https:\/\/amis-parc-foret-orient.fr\/index.php\/notre-journal\/","title":{"rendered":"Notre journal"},"content":{"rendered":"\n<p>L&rsquo;Escarboucle, le bulletin d&rsquo;information de l&rsquo;association, est publi\u00e9 tous les trimestres (en mars, juin septembre et d\u00e9cembre). Il est \u00e9dit\u00e9 depuis l&rsquo;\u00e9t\u00e9 1989.<br>Il traite de sujets vari\u00e9s : actualit\u00e9s du Parc, environnement, patrimoine, portraits d&rsquo;artistes, vie de l&rsquo;association&#8230;<br>Il est un lien avec les adh\u00e9rents, les habitants, les collectivit\u00e9s territoriales, les \u00e9tablissements scolaires et universitaires, et les autres Parcs.<\/p>\n\n\n\n<h4 class=\"wp-block-heading\">Parutions 2025<\/h4>\n\n\n\n<p class=\"has-text-align-center\"><i class=\"fa fa-print\" aria-hidden=\"true\"><\/i> <a href=\"https:\/\/amis-parc-foret-orient.fr\/wp-content\/uploads\/2025\/04\/Escarboucle-n\u00b0135-hiver-2024-2025_compressed.pdf\">T\u00e9l\u00e9charger l&rsquo;Edition n\u00b0135 de l&rsquo;Escarboucle<\/a><\/p>\n\n\n\n<p class=\"has-text-align-center\"> <a href=\"https:\/\/amis-parc-foret-orient.fr\/wp-content\/uploads\/2025\/04\/Escarboucle-n\u00b0136-printemps-2025_compressed-1.pdf\">T\u00e9l\u00e9charger l&rsquo;Edition n\u00b0136 de l&rsquo;Escarboucle<\/a><\/p>\n\n\n\n<p><a href=\"https:\/\/www.calameo.com\/books\/00604498397502c012547\" target=\"_blank\" rel=\"noreferrer noopener\">Escarboucle N\u00b0137 \u00e9T\u00e9 2025 Aapnrfo<\/a><\/p>\n\n\n\n<p><a href=\"https:\/\/www.calameo.com\/books\/00604498331e3064a21ea\" target=\"_blank\" rel=\"noreferrer noopener\">Escarboucle N\u00b0138 Automne 2025 Compress\u00e9 Aapnrfo<\/a><\/p>\n\n\n\n<p><\/p>\n\n\n\n<p><\/p>\n\n\n\n<h4 class=\"wp-block-heading\">Anciens num\u00e9ros<\/h4>\n\n\n<div id=\"metaslider-id-153\" style=\"max-width: 600px; margin: 0 auto;\" class=\"ml-slider-3-109-0 metaslider metaslider-flex metaslider-153 ml-slider has-dots-nav ms-theme-default\" role=\"region\" aria-label=\"New Slideshow\" data-height=\"400\" data-width=\"600\">\n    <div id=\"metaslider_container_153\">\n        <div id=\"metaslider_153\">\n            <ul class='slides'>\n                <li style=\"display: block; width: 100%;\" class=\"slide-155 ms-image \" aria-roledescription=\"slide\" data-date=\"2018-01-11 08:53:37\" data-filename=\"1ere-page-Escarboucle-automne-2022-600x400.jpg\" data-slide-type=\"image\"><a href=\"https:\/\/amis-parc-foret-orient.fr\/wp-content\/uploads\/2023\/01\/Escarboucle-n\u00b0126-automne-2022_compressed.pdf\" target=\"_self\" aria-label=\"Voir les d\u00e9tails de la diapositive\" class=\"metaslider_image_link\"><img fetchpriority=\"high\" decoding=\"async\" src=\"https:\/\/amis-parc-foret-orient.fr\/wp-content\/uploads\/2023\/01\/1ere-page-Escarboucle-automne-2022-600x400.jpg\" height=\"400\" width=\"600\" alt=\"\" class=\"slider-153 slide-155 msDefaultImage\" \/><\/a><\/li>\n                <li style=\"display: none; width: 100%;\" class=\"slide-168 ms-image \" aria-roledescription=\"slide\" data-date=\"2018-01-11 08:57:07\" data-filename=\"1ere-page-Escarboucle-ete-2022-600x400.jpg\" data-slide-type=\"image\"><a href=\"http:\/\/amis-parc-foret-orient.fr\/wp-content\/uploads\/2021\/08\/Escarboucle-n\u00b0120-printemps-2021.pdf\" target=\"_self\" aria-label=\"Voir les d\u00e9tails de la diapositive\" class=\"metaslider_image_link\"><img decoding=\"async\" src=\"https:\/\/amis-parc-foret-orient.fr\/wp-content\/uploads\/2023\/01\/1ere-page-Escarboucle-ete-2022-600x400.jpg\" height=\"400\" width=\"600\" alt=\"\" class=\"slider-153 slide-168 msDefaultImage\" \/><\/a><\/li>\n                <li style=\"display: none; width: 100%;\" class=\"slide-165 ms-image \" aria-roledescription=\"slide\" data-date=\"2018-01-11 08:57:07\" data-filename=\"1ere-page-Escarboucle-printemps-2022-600x400.jpg\" data-slide-type=\"image\"><a href=\"http:\/\/amis-parc-foret-orient.fr\/wp-content\/uploads\/2021\/08\/Escarboucle-n\u00b0119-automne-hiver-2020-21-compressed.pdf\" target=\"_self\" aria-label=\"Voir les d\u00e9tails de la diapositive\" class=\"metaslider_image_link\"><img decoding=\"async\" src=\"https:\/\/amis-parc-foret-orient.fr\/wp-content\/uploads\/2023\/01\/1ere-page-Escarboucle-printemps-2022-600x400.jpg\" height=\"400\" width=\"600\" alt=\"\" class=\"slider-153 slide-165 msDefaultImage\" \/><\/a><\/li>\n                <li style=\"display: none; width: 100%;\" class=\"slide-166 ms-image \" aria-roledescription=\"slide\" data-date=\"2018-01-11 08:57:07\" data-filename=\"1ere-page-Escarboucle-n\u00b0123-hiver-2021-22-600x400.jpg\" data-slide-type=\"image\"><a href=\"http:\/\/amis-parc-foret-orient.fr\/wp-content\/uploads\/2020\/08\/Escarboucle-n\u00b0118-printemps-\u00e9t\u00e9-2020-compress\u00e9.pdf\" target=\"_self\" aria-label=\"Voir les d\u00e9tails de la diapositive\" class=\"metaslider_image_link\"><img loading=\"lazy\" decoding=\"async\" src=\"https:\/\/amis-parc-foret-orient.fr\/wp-content\/uploads\/2023\/01\/1ere-page-Escarboucle-n\u00b0123-hiver-2021-22-600x400.jpg\" height=\"400\" width=\"600\" alt=\"\" class=\"slider-153 slide-166 msDefaultImage\" \/><\/a><\/li>\n                <li style=\"display: none; width: 100%;\" class=\"slide-167 ms-image \" aria-roledescription=\"slide\" data-date=\"2018-01-11 08:57:07\" data-filename=\"1ere-page-Escarboucle-n\u00b0122-automne-2021-600x400.jpg\" data-slide-type=\"image\"><a href=\"https:\/\/amis-parc-foret-orient.fr\/wp-content\/uploads\/2021\/08\/Escarboucle-n\u00b0121-ete-2021_compressed.pdf\" target=\"_self\" aria-label=\"Voir les d\u00e9tails de la diapositive\" class=\"metaslider_image_link\"><img loading=\"lazy\" decoding=\"async\" src=\"https:\/\/amis-parc-foret-orient.fr\/wp-content\/uploads\/2023\/01\/1ere-page-Escarboucle-n\u00b0122-automne-2021-600x400.jpg\" height=\"400\" width=\"600\" alt=\"\" class=\"slider-153 slide-167 msDefaultImage\" \/><\/a><\/li>\n            <\/ul>\n        <\/div>\n        \n    <\/div>\n<\/div>\n\n\n\n<h4 class=\"wp-block-heading\"><a href=\"https:\/\/amis-parc-foret-orient.fr\/index.php\/escarboucles\/\"><strong>Voir tous les num\u00e9ros<\/strong><\/a><\/h4>\n","protected":false},"excerpt":{"rendered":"<p>L&rsquo;Escarboucle, le bulletin d&rsquo;information de l&rsquo;association, est publi\u00e9 tous les trimestres (en mars, juin septembre et d\u00e9cembre). Il est \u00e9dit\u00e9 depuis l&rsquo;\u00e9t\u00e9 1989.Il traite de sujets vari\u00e9s : actualit\u00e9s du Parc, environnement, patrimoine, portraits d&rsquo;artistes, vie de l&rsquo;association&#8230;Il est un lien avec les adh\u00e9rents, les habitants, les collectivit\u00e9s territoriales, les \u00e9tablissements scolaires et universitaires, et [&hellip;]<\/p>\n","protected":false},"author":1,"featured_media":0,"parent":0,"menu_order":3,"comment_status":"open","ping_status":"open","template":"","meta":{"footnotes":"","_wp_rev_ctl_limit":""},"class_list":["post-32","page","type-page","status-publish","hentry"],"yoast_head":"<!-- This site is optimized with the Yoast SEO plugin v27.6 - https:\/\/yoast.com\/product\/yoast-seo-wordpress\/ -->\n<title>Notre journal - Les Amis du Parc de la For\u00eat d&#039;Orient<\/title>\n<meta name=\"robots\" content=\"index, follow, max-snippet:-1, max-image-preview:large, max-video-preview:-1\" \/>\n<link rel=\"canonical\" href=\"https:\/\/amis-parc-foret-orient.fr\/index.php\/notre-journal\/\" \/>\n<meta property=\"og:locale\" content=\"fr_FR\" \/>\n<meta property=\"og:type\" content=\"article\" \/>\n<meta property=\"og:title\" content=\"Notre journal - Les Amis du Parc de la For\u00eat d&#039;Orient\" \/>\n<meta property=\"og:description\" content=\"L&rsquo;Escarboucle, le bulletin d&rsquo;information de l&rsquo;association, est publi\u00e9 tous les trimestres (en mars, juin septembre et d\u00e9cembre). Il est \u00e9dit\u00e9 depuis l&rsquo;\u00e9t\u00e9 1989.Il traite de sujets vari\u00e9s : actualit\u00e9s du Parc, environnement, patrimoine, portraits d&rsquo;artistes, vie de l&rsquo;association&#8230;Il est un lien avec les adh\u00e9rents, les habitants, les collectivit\u00e9s territoriales, les \u00e9tablissements scolaires et universitaires, et [&hellip;]\" \/>\n<meta property=\"og:url\" content=\"https:\/\/amis-parc-foret-orient.fr\/index.php\/notre-journal\/\" \/>\n<meta property=\"og:site_name\" content=\"Les Amis du Parc de la For\u00eat d&#039;Orient\" \/>\n<meta property=\"article:publisher\" content=\"https:\/\/www.facebook.com\/Amis.du.Parc\/\" \/>\n<meta property=\"article:modified_time\" content=\"2025-11-18T16:35:45+00:00\" \/>\n<meta name=\"twitter:card\" content=\"summary_large_image\" \/>\n<meta name=\"twitter:label1\" content=\"Dur\u00e9e de lecture estim\u00e9e\" \/>\n\t<meta name=\"twitter:data1\" content=\"1 minute\" \/>\n<script type=\"application\/ld+json\" class=\"yoast-schema-graph\">{\"@context\":\"https:\\\/\\\/schema.org\",\"@graph\":[{\"@type\":\"WebPage\",\"@id\":\"https:\\\/\\\/amis-parc-foret-orient.fr\\\/index.php\\\/notre-journal\\\/\",\"url\":\"https:\\\/\\\/amis-parc-foret-orient.fr\\\/index.php\\\/notre-journal\\\/\",\"name\":\"Notre journal - Les Amis du Parc de la For\u00eat d&#039;Orient\",\"isPartOf\":{\"@id\":\"https:\\\/\\\/amis-parc-foret-orient.fr\\\/#website\"},\"datePublished\":\"2018-08-09T08:00:44+00:00\",\"dateModified\":\"2025-11-18T16:35:45+00:00\",\"breadcrumb\":{\"@id\":\"https:\\\/\\\/amis-parc-foret-orient.fr\\\/index.php\\\/notre-journal\\\/#breadcrumb\"},\"inLanguage\":\"fr-FR\",\"potentialAction\":[{\"@type\":\"ReadAction\",\"target\":[\"https:\\\/\\\/amis-parc-foret-orient.fr\\\/index.php\\\/notre-journal\\\/\"]}]},{\"@type\":\"BreadcrumbList\",\"@id\":\"https:\\\/\\\/amis-parc-foret-orient.fr\\\/index.php\\\/notre-journal\\\/#breadcrumb\",\"itemListElement\":[{\"@type\":\"ListItem\",\"position\":1,\"name\":\"Home\",\"item\":\"https:\\\/\\\/amis-parc-foret-orient.fr\\\/\"},{\"@type\":\"ListItem\",\"position\":2,\"name\":\"Notre journal\"}]},{\"@type\":\"WebSite\",\"@id\":\"https:\\\/\\\/amis-parc-foret-orient.fr\\\/#website\",\"url\":\"https:\\\/\\\/amis-parc-foret-orient.fr\\\/\",\"name\":\"Les Amis du Parc de la For\u00eat d'Orient\",\"description\":\"\",\"publisher\":{\"@id\":\"https:\\\/\\\/amis-parc-foret-orient.fr\\\/#organization\"},\"potentialAction\":[{\"@type\":\"SearchAction\",\"target\":{\"@type\":\"EntryPoint\",\"urlTemplate\":\"https:\\\/\\\/amis-parc-foret-orient.fr\\\/?s={search_term_string}\"},\"query-input\":{\"@type\":\"PropertyValueSpecification\",\"valueRequired\":true,\"valueName\":\"search_term_string\"}}],\"inLanguage\":\"fr-FR\"},{\"@type\":\"Organization\",\"@id\":\"https:\\\/\\\/amis-parc-foret-orient.fr\\\/#organization\",\"name\":\"Les Amis du Parc de la For\u00eat d'Orient\",\"url\":\"https:\\\/\\\/amis-parc-foret-orient.fr\\\/\",\"logo\":{\"@type\":\"ImageObject\",\"inLanguage\":\"fr-FR\",\"@id\":\"https:\\\/\\\/amis-parc-foret-orient.fr\\\/#\\\/schema\\\/logo\\\/image\\\/\",\"url\":\"https:\\\/\\\/amis-parc-foret-orient.fr\\\/wp-content\\\/uploads\\\/2025\\\/08\\\/cropped-logo_amis_parc_2025_150-1-1.png\",\"contentUrl\":\"https:\\\/\\\/amis-parc-foret-orient.fr\\\/wp-content\\\/uploads\\\/2025\\\/08\\\/cropped-logo_amis_parc_2025_150-1-1.png\",\"width\":400,\"height\":175,\"caption\":\"Les Amis du Parc de la For\u00eat d'Orient\"},\"image\":{\"@id\":\"https:\\\/\\\/amis-parc-foret-orient.fr\\\/#\\\/schema\\\/logo\\\/image\\\/\"},\"sameAs\":[\"https:\\\/\\\/www.facebook.com\\\/Amis.du.Parc\\\/\"]}]}<\/script>\n<!-- \/ Yoast SEO plugin. -->","yoast_head_json":{"title":"Notre journal - Les Amis du Parc de la For\u00eat d&#039;Orient","robots":{"index":"index","follow":"follow","max-snippet":"max-snippet:-1","max-image-preview":"max-image-preview:large","max-video-preview":"max-video-preview:-1"},"canonical":"https:\/\/amis-parc-foret-orient.fr\/index.php\/notre-journal\/","og_locale":"fr_FR","og_type":"article","og_title":"Notre journal - Les Amis du Parc de la For\u00eat d&#039;Orient","og_description":"L&rsquo;Escarboucle, le bulletin d&rsquo;information de l&rsquo;association, est publi\u00e9 tous les trimestres (en mars, juin septembre et d\u00e9cembre). Il est \u00e9dit\u00e9 depuis l&rsquo;\u00e9t\u00e9 1989.Il traite de sujets vari\u00e9s : actualit\u00e9s du Parc, environnement, patrimoine, portraits d&rsquo;artistes, vie de l&rsquo;association&#8230;Il est un lien avec les adh\u00e9rents, les habitants, les collectivit\u00e9s territoriales, les \u00e9tablissements scolaires et universitaires, et [&hellip;]","og_url":"https:\/\/amis-parc-foret-orient.fr\/index.php\/notre-journal\/","og_site_name":"Les Amis du Parc de la For\u00eat d&#039;Orient","article_publisher":"https:\/\/www.facebook.com\/Amis.du.Parc\/","article_modified_time":"2025-11-18T16:35:45+00:00","twitter_card":"summary_large_image","twitter_misc":{"Dur\u00e9e de lecture estim\u00e9e":"1 minute"},"schema":{"@context":"https:\/\/schema.org","@graph":[{"@type":"WebPage","@id":"https:\/\/amis-parc-foret-orient.fr\/index.php\/notre-journal\/","url":"https:\/\/amis-parc-foret-orient.fr\/index.php\/notre-journal\/","name":"Notre journal - Les Amis du Parc de la For\u00eat d&#039;Orient","isPartOf":{"@id":"https:\/\/amis-parc-foret-orient.fr\/#website"},"datePublished":"2018-08-09T08:00:44+00:00","dateModified":"2025-11-18T16:35:45+00:00","breadcrumb":{"@id":"https:\/\/amis-parc-foret-orient.fr\/index.php\/notre-journal\/#breadcrumb"},"inLanguage":"fr-FR","potentialAction":[{"@type":"ReadAction","target":["https:\/\/amis-parc-foret-orient.fr\/index.php\/notre-journal\/"]}]},{"@type":"BreadcrumbList","@id":"https:\/\/amis-parc-foret-orient.fr\/index.php\/notre-journal\/#breadcrumb","itemListElement":[{"@type":"ListItem","position":1,"name":"Home","item":"https:\/\/amis-parc-foret-orient.fr\/"},{"@type":"ListItem","position":2,"name":"Notre journal"}]},{"@type":"WebSite","@id":"https:\/\/amis-parc-foret-orient.fr\/#website","url":"https:\/\/amis-parc-foret-orient.fr\/","name":"Les Amis du Parc de la For\u00eat d'Orient","description":"","publisher":{"@id":"https:\/\/amis-parc-foret-orient.fr\/#organization"},"potentialAction":[{"@type":"SearchAction","target":{"@type":"EntryPoint","urlTemplate":"https:\/\/amis-parc-foret-orient.fr\/?s={search_term_string}"},"query-input":{"@type":"PropertyValueSpecification","valueRequired":true,"valueName":"search_term_string"}}],"inLanguage":"fr-FR"},{"@type":"Organization","@id":"https:\/\/amis-parc-foret-orient.fr\/#organization","name":"Les Amis du Parc de la For\u00eat d'Orient","url":"https:\/\/amis-parc-foret-orient.fr\/","logo":{"@type":"ImageObject","inLanguage":"fr-FR","@id":"https:\/\/amis-parc-foret-orient.fr\/#\/schema\/logo\/image\/","url":"https:\/\/amis-parc-foret-orient.fr\/wp-content\/uploads\/2025\/08\/cropped-logo_amis_parc_2025_150-1-1.png","contentUrl":"https:\/\/amis-parc-foret-orient.fr\/wp-content\/uploads\/2025\/08\/cropped-logo_amis_parc_2025_150-1-1.png","width":400,"height":175,"caption":"Les Amis du Parc de la For\u00eat d'Orient"},"image":{"@id":"https:\/\/amis-parc-foret-orient.fr\/#\/schema\/logo\/image\/"},"sameAs":["https:\/\/www.facebook.com\/Amis.du.Parc\/"]}]}},"blog_post_layout_featured_media_urls":{"thumbnail":"","full":""},"categories_names":null,"comments_number":"0","wpmagazine_modules_lite_featured_media_urls":{"thumbnail":"","cvmm-medium":"","cvmm-medium-plus":"","cvmm-portrait":"","cvmm-medium-square":"","cvmm-large":"","cvmm-small":"","full":""},"_links":{"self":[{"href":"https:\/\/amis-parc-foret-orient.fr\/index.php\/wp-json\/wp\/v2\/pages\/32","targetHints":{"allow":["GET"]}}],"collection":[{"href":"https:\/\/amis-parc-foret-orient.fr\/index.php\/wp-json\/wp\/v2\/pages"}],"about":[{"href":"https:\/\/amis-parc-foret-orient.fr\/index.php\/wp-json\/wp\/v2\/types\/page"}],"author":[{"embeddable":true,"href":"https:\/\/amis-parc-foret-orient.fr\/index.php\/wp-json\/wp\/v2\/users\/1"}],"replies":[{"embeddable":true,"href":"https:\/\/amis-parc-foret-orient.fr\/index.php\/wp-json\/wp\/v2\/comments?post=32"}],"version-history":[{"count":0,"href":"https:\/\/amis-parc-foret-orient.fr\/index.php\/wp-json\/wp\/v2\/pages\/32\/revisions"}],"wp:attachment":[{"href":"https:\/\/amis-parc-foret-orient.fr\/index.php\/wp-json\/wp\/v2\/media?parent=32"}],"curies":[{"name":"wp","href":"https:\/\/api.w.org\/{rel}","templated":true}]}}